{"id":13595,"date":"2026-03-19T07:35:34","date_gmt":"2026-03-19T05:35:34","guid":{"rendered":"https:\/\/actividadesextraescolaresmadrid-actex.com\/kickthewop\/?post_type=product&#038;p=13595"},"modified":"2026-03-19T16:08:24","modified_gmt":"2026-03-19T14:08:24","slug":"vicalvaro-campamento-urbano-semana-santa-2026","status":"publish","type":"product","link":"https:\/\/actividadesextraescolaresmadrid-actex.com\/kickthewop\/producto\/vicalvaro-campamento-urbano-semana-santa-2026\/","title":{"rendered":"Vic\u00e1lvaro &#8211; Campamento Urbano Semana Santa 2026"},"content":{"rendered":"","protected":false},"excerpt":{"rendered":"<p>Desde aqu\u00ed pod\u00e9is realizar el pago para confirmar vuestra plaza para el <strong>Campamento Urbano de Semana Santa 2026 (27, 30 y 31 de marzo, y 1 y 6 de abril de 2026)<\/strong>. Introduce el c\u00f3digo que se te ha enviado por email, comprueba que los datos son correctos y sigue los pasos para realizar el abono.\u00a0 Para cualquier consulta, puedes ponerte en contacto con nosotros a trav\u00e9s del correo mariocalzado@culturalactex.com.<\/p>\n<p><strong>IMPORTANTE:<\/strong>\u00a0si tu tarjeta es de ING, s\u00f3lo podr\u00e1s realizar el pago a trav\u00e9s de la opci\u00f3n de Bizum que te dar\u00e1 la pasarela.<\/p>\n","protected":false},"featured_media":13596,"template":"","meta":[],"product_brand":[],"product_cat":[132],"product_tag":[],"class_list":{"0":"post-13595","1":"product","2":"type-product","3":"status-publish","4":"has-post-thumbnail","6":"product_cat-132","8":"first","9":"instock","10":"virtual","11":"sold-individually","12":"taxable","13":"purchasable","14":"product-type-simple"},"_links":{"self":[{"href":"https:\/\/actividadesextraescolaresmadrid-actex.com\/kickthewop\/wp-json\/wp\/v2\/product\/13595"}],"collection":[{"href":"https:\/\/actividadesextraescolaresmadrid-actex.com\/kickthewop\/wp-json\/wp\/v2\/product"}],"about":[{"href":"https:\/\/actividadesextraescolaresmadrid-actex.com\/kickthewop\/wp-json\/wp\/v2\/types\/product"}],"wp:featuredmedia":[{"embeddable":true,"href":"https:\/\/actividadesextraescolaresmadrid-actex.com\/kickthewop\/wp-json\/wp\/v2\/media\/13596"}],"wp:attachment":[{"href":"https:\/\/actividadesextraescolaresmadrid-actex.com\/kickthewop\/wp-json\/wp\/v2\/media?parent=13595"}],"wp:term":[{"taxonomy":"product_brand","embeddable":true,"href":"https:\/\/actividadesextraescolaresmadrid-actex.com\/kickthewop\/wp-json\/wp\/v2\/product_brand?post=13595"},{"taxonomy":"product_cat","embeddable":true,"href":"https:\/\/actividadesextraescolaresmadrid-actex.com\/kickthewop\/wp-json\/wp\/v2\/product_cat?post=13595"},{"taxonomy":"product_tag","embeddable":true,"href":"https:\/\/actividadesextraescolaresmadrid-actex.com\/kickthewop\/wp-json\/wp\/v2\/product_tag?post=13595"}],"curies":[{"name":"wp","href":"https:\/\/api.w.org\/{rel}","templated":true}]}}